{"id":29,"date":"2021-11-08T13:08:13","date_gmt":"2021-11-08T10:08:13","guid":{"rendered":"https:\/\/alsasdepo.com\/?page_id=29"},"modified":"2021-11-08T13:14:58","modified_gmt":"2021-11-08T10:14:58","slug":"iletisim-2","status":"publish","type":"page","link":"https:\/\/alsasdepo.com\/index.php\/iletisim-2\/","title":{"rendered":"\u0130LET\u0130\u015e\u0130M"},"content":{"rendered":"<p align=\"center\"><strong>ADRES:\u00a0H\u00fcrriyet Mah. 4 Sokak ALTINOVA\/ YALOVA<\/strong><\/p>\n<p align=\"center\"><strong>TEL: 0226 461 20 88<\/strong><\/p>\n<p align=\"center\"><strong>FAX : 0226 461 28 12<\/strong><\/p>\n<p align=\"center\"><a href=\"https:\/\/goo.gl\/maps\/quMxxshnoSDaqubVA\"><strong>KROK\u0130<\/strong><\/a><\/p>\n<p align=\"center\"><a href=\"https:\/\/goo.gl\/maps\/quMxxshnoSDaqubVA\"><img loading=\"lazy\" decoding=\"async\" class=\"alignnone wp-image-30 size-full\" src=\"http:\/\/alsasdepo.com\/wp-content\/uploads\/2021\/11\/Fabrika.jpg\" alt=\"\" width=\"241\" height=\"159\" \/><\/a><\/p>\n<p align=\"center\">\n<p align=\"center\"><strong>MERKEZ ADRES:\u00a0Ankara Devlet Yolu 24. Km KARTAL \/ \u0130STANBUL<\/strong><\/p>\n<p align=\"center\"><strong>TEL : 0216 306 68 62<\/strong><\/p>\n<p align=\"center\"><strong>FAX: 0216 353 54 33<\/strong><\/p>\n<p align=\"center\"><a href=\"http:\/\/maps.google.com\/?ie=UTF8&amp;t=h&amp;ll=40.892263,29.231508&amp;spn=0.001829,0.003701&amp;z=19\"><strong>Kroki<\/strong><\/a><\/p>\n<p align=\"center\"><a href=\"http:\/\/maps.google.com\/?ie=UTF8&amp;t=h&amp;ll=40.892263,29.231508&amp;spn=0.001829,0.003701&amp;z=19\"><img loading=\"lazy\" decoding=\"async\" class=\"alignnone size-full wp-image-33\" src=\"http:\/\/alsasdepo.com\/wp-content\/uploads\/2021\/11\/sapaskroik.jpg\" alt=\"\" width=\"241\" height=\"159\" \/><\/a><\/p>\n","protected":false},"excerpt":{"rendered":"<p>ADRES:\u00a0H\u00fcrriyet Mah. 4 Sokak ALTINOVA\/ YALOVA TEL: 0226 461 20 88 FAX : 0226 461 28 12 KROK\u0130 MERKEZ ADRES:\u00a0Ankara Devlet Yolu 24. Km KARTAL \/ \u0130STANBUL TEL : 0216 306 68 62 FAX: 0216 353 54 33 Kroki<\/p>\n","protected":false},"author":1,"featured_media":0,"parent":0,"menu_order":0,"comment_status":"closed","ping_status":"closed","template":"","meta":{"kt_blocks_editor_width":"","footnotes":""},"class_list":["post-29","page","type-page","status-publish","hentry"],"_links":{"self":[{"href":"https:\/\/alsasdepo.com\/index.php\/wp-json\/wp\/v2\/pages\/29","targetHints":{"allow":["GET"]}}],"collection":[{"href":"https:\/\/alsasdepo.com\/index.php\/wp-json\/wp\/v2\/pages"}],"about":[{"href":"https:\/\/alsasdepo.com\/index.php\/wp-json\/wp\/v2\/types\/page"}],"author":[{"embeddable":true,"href":"https:\/\/alsasdepo.com\/index.php\/wp-json\/wp\/v2\/users\/1"}],"replies":[{"embeddable":true,"href":"https:\/\/alsasdepo.com\/index.php\/wp-json\/wp\/v2\/comments?post=29"}],"version-history":[{"count":3,"href":"https:\/\/alsasdepo.com\/index.php\/wp-json\/wp\/v2\/pages\/29\/revisions"}],"predecessor-version":[{"id":34,"href":"https:\/\/alsasdepo.com\/index.php\/wp-json\/wp\/v2\/pages\/29\/revisions\/34"}],"wp:attachment":[{"href":"https:\/\/alsasdepo.com\/index.php\/wp-json\/wp\/v2\/media?parent=29"}],"curies":[{"name":"wp","href":"https:\/\/api.w.org\/{rel}","templated":true}]}}